en 2107 is divided by 17?
16
Calculate the remainder when 719 is divided by 20.
19
What is the remainder when 2649 is divided by 204?
201
What is the remainder when 86 is divided by 28?
2
Calculate the remainder when 319 is divided by 40.
39
What is the remainder when 249 is divided by 26?
15
Calculate the remainder when 1328 is divided by 70.
68
What is the remainder when 1902 is divided by 53?
47
Calculate the remainder when 1590 is divided by 28.
22
What is the remainder when 55 is divided by 49?
6
What is the remainder when 286 is divided by 12?
10
What is the remainder when 238 is divided by 41?
33
What is the remainder when 5188 is divided by 1296?
4
What is the remainder when 508 is divided by 127?
0
What is the remainder when 387 is divided by 97?
96
What is the remainder when 2735 is divided by 194?
19
Calculate the remainder when 129 is divided by 40.
9
What is the remainder when 5470 is divided by 16?
14
Calculate the remainder when 143 is divided by 140.
3
Calculate the remainder when 190 is divided by 22.
14
Calculate the remainder when 322 is divided by 153.
16
Calculate the remainder when 6693 is divided by 186.
183
What is the remainder when 1146 is divided by 178?
78
What is the remainder when 1257 is divided by 12?
9
What is the remainder when 22 is divided by 6?
4
What is the remainder when 410 is divided by 104?
98
Calculate the remainder when 564 is divided by 31.
6
Calculate the remainder when 188 is divided by 69.
50
Calculate the remainder when 532 is divided by 94.
62
What is the remainder when 58 is divided by 45?
13
Calculate the remainder when 77 is divided by 3.
2
Calculate the remainder when 138 is divided by 35.
33
What is the remainder when 183 is divided by 58?
9
What is the remainder when 2464 is divided by 29?
28
What is the remainder when 3232 is divided by 20?
12
Calculate the remainder when 6 is divided by 1.
0
Calculate the remainder when 873 is divided by 123.
12
What is the remainder when 1032 is divided by 148?
144
What is the remainder when 277 is divided by 47?
42
Calculate the remainder when 435 is divided by 227.
208
What is the remainder when 1000 is divided by 39?
25
Calculate the remainder when 9481 is divided by 22.
21
What is the remainder when 237 is divided by 6?
3
What is the remainder when 11136 is divided by 47?
44
What is the remainder when 371 is divided by 93?
92
Calculate the remainder when 769 is divided by 36.
13
What is the remainder when 2356 is divided by 9?
7
What is the remainder when 10475 is divided by 13?
10
What is the remainder when 287 is divided by 12?
11
What is the remainder when 1061 is divided by 76?
73
Calculate the remainder when 251 is divided by 26.
17
What is the remainder when 115 is divided by 30?
25
Calculate the remainder when 8672 is divided by 59.
58
What is the remainder when 34 is divided by 6?
4
What is the remainder when 2758 is divided by 24?
22
What is the remainder when 4652 is divided by 6?
2
What is the remainder when 488 is divided by 49?
47
Calculate the remainder when 57 is divided by 31.
26
What is the remainder when 181 is divided by 43?
9
Calculate the remainder when 274 is divided by 20.
14
Calculate the remainder when 1294 is divided by 41.
23
Calculate the remainder when 118 is divided by 17.
16
What is the remainder when 176 is divided by 23?
15
What is the remainder when 216 is divided by 74?
68
Calculate the remainder when 743 is divided by 31.
30
Calculate the remainder when 329 is divided by 60.
29
Calculate the remainder when 67 is divided by 23.
21
Calculate the remainder when 593 is divided by 33.
32
Calculate the remainder when 551 is divided by 8.
7
Calculate the remainder when 3030 is divided by 46.
40
What is the remainder when 93 is divided by 38?
17
What is the remainder when 3926 is divided by 7?
6
Calculate the remainder when 39 is divided by 17.
5
Calculate the remainder when 163 is divided by 6.
1
Calculate the remainder when 186 is divided by 28.
18
Calculate the remainder when 191 is divided by 48.
47
What is the remainder when 7173 is divided by 104?
101
Calculate the remainder when 44 is divided by 13.
5
Calculate the remainder when 365 is divided by 131.
103
Calculate the remainder when 316 is divided by 67.
48
What is the remainder when 15 is divided by 9?
6
Calculate the remainder when 153 is divided by 33.
21
What is the remainder when 203 is divided by 52?
47
Calculate the remainder when 110 is divided by 43.
24
Calculate the remainder when 717 is divided by 21.
3
What is the remainder when 55 is divided by 9?
1
What is the remainder when 274 is divided by 170?
104
Calculate the remainder when 48 is divided by 7.
6
What is the remainder when 1119 is divided by 1102?
17
Calculate the remainder when 378 is divided by 177.
24
Calculate the remainder when 126 is divided by 27.
18
What is the remainder when 1470 is divided by 36?
30
What is the remainder when 283 is divided by 74?
61
Calculate the remainder when 2243 is divided by 132.
131
What is the remainder when 349 is divided by 106?
31
What is the remainder when 20 is divided by 7?
6
Calculate the remainder when 6786 is divided by 97.
93
Calculate the remainder when 2103 is divided by 17.
12
What is the remainder when 1357 is divided by 14?
13
What is the remainder when 350 is divided by 207?
143
Calculate the remainder when 886 is divided by 253.
127
Calculate the remainder when 1032 is divided by 114.
6
Calculate the remainder when 101 is divided by 17.
16
What is the remainder when 1436 is divided by 45?
41
What is the remainder when 339 is divided by 49?
45
Calculate the remainder when 4241 is divided by 21.
20
What is the remainder when 199 is divided by 51?
46
Calculate the remainder when 28 is divided by 6.
4
Calculate the remainder when 324 is divided by 82.
78
Calculate the remainder when 239 is divided by 98.
43
What is the remainder when 593 is divided by 10?
3
What is the remainder when 2811 is divided by 22?
17
Calculate the remainder when 955 is divided by 235.
15
Calculate the remainder when 467 is divided by 35.
12
Calculate the remainder when 68 is divided by 18.
14
What is the remainder when 3695 is divided by 100?
95
Calculate the remainder when 310 is divided by 46.
34
Calculate the remainder when 103 is divided by 11.
4
What is the remainder when 930 is divided by 38?
18
What is the remainder when 44 is divided by 13?
5
What is the remainder when 538 is divided by 108?
106
Calculate the remainder when 398 is divided by 8.
6
What is the remainder when 1345 is divided by 50?
45
What is the remainder when 67 is divided by 23?
21
Calculate the remainder when 20774 is divided by 8.
6
Calculate the remainder when 126 is divided by 65.
61
What is the remainder when 416 is divided by 42?
38
Calculate the remainder when 1046 is divided by 518.
10
Calculate the remainder when 405 is divided by 24.
21
Calculate the remainder when 415 is divided by 38.
35
What is the remainder when 191 is divided by 33?
26
Calculate the remainder when 828 is divided by 174.
132
Calculate the remainder when 166 is divided by 75.
16
What is the remainder when 4729 is divided by 28?
25
What is the remainder when 284 is divided by 278?
6
What is the remainder when 1675 is divided by 1671?
4
Calculate the remainder when 37 is divided by 29.
8
What is the remainder when 474 is divided by 69?
60
Calculate the remainder when 133 is divided by 27.
25
Calculate the remainder when 159 is divided by 60.
39
Calculate the remainder when 138 is divided by 25.
13
What is the remainder when 968 is divided by 334?
300
What is the remainder when 179 is divided by 7?
4
Calculate the remainder when 261 is divided by 88.
85
Calculate the remainder when 797 is divided by 19.
18
What is the remainder when 208 is divided by 101?
6
What is the remainder when 1339 is divided by 269?
263
What is the remainder when 76 is divided by 13?
11
Calculate the remainder when 2873 is divided by 38.
23
Calculate the remainder when 57 is divided by 20.
17
What is the remainder when 20053 is divided by 74?
73
Calculate the remainder when 121 is divided by 18.
13
What is the remainder when 15769 is divided by 21?
19
Calculate the remainder when 70 is divided by 8.
6
Calculate the remainder when 94 is divi